e remainder when 237228 is divided by 56?
12
Calculate the remainder when 4606 is divided by 206.
74
Calculate the remainder when 443407 is divided by 287.
279
What is the remainder when 6969 is divided by 2105?
654
Calculate the remainder when 905462 is divided by 981.
980
Calculate the remainder when 1529501 is divided by 86.
77
What is the remainder when 23345 is divided by 3844?
281
Calculate the remainder when 41712 is divided by 87.
39
Calculate the remainder when 32994 is divided by 4712.
10
What is the remainder when 924 is divided by 853?
71
What is the remainder when 9659 is divided by 10?
9
Calculate the remainder when 447862 is divided by 935.
932
Calculate the remainder when 100051 is divided by 1088.
1043
What is the remainder when 2102 is divided by 658?
128
Calculate the remainder when 7619 is divided by 1899.
23
What is the remainder when 117499 is divided by 500?
499
What is the remainder when 183502 is divided by 63?
46
Calculate the remainder when 17018 is divided by 46.
44
Calculate the remainder when 49391 is divided by 445.
441
Calculate the remainder when 77608 is divided by 25869.
1
Calculate the remainder when 4148 is divided by 522.
494
What is the remainder when 1225 is divided by 564?
97
Calculate the remainder when 15588 is divided by 7.
6
Calculate the remainder when 14204 is divided by 153.
128
What is the remainder when 24477 is divided by 36?
33
What is the remainder when 1091 is divided by 426?
239
Calculate the remainder when 19455 is divided by 4796.
271
Calculate the remainder when 8587 is divided by 61.
47
Calculate the remainder when 10392 is divided by 58.
10
Calculate the remainder when 55500 is divided by 1982.
4
Calculate the remainder when 1961059 is divided by 36.
31
What is the remainder when 124150 is divided by 67?
66
Calculate the remainder when 81692 is divided by 175.
142
Calculate the remainder when 59392 is divided by 8480.
32
Calculate the remainder when 4281 is divided by 790.
331
What is the remainder when 336763 is divided by 58?
15
Calculate the remainder when 378397 is divided by 160.
157
Calculate the remainder when 22272 is divided by 7397.
81
Calculate the remainder when 799 is divided by 483.
316
What is the remainder when 780994 is divided by 1562?
1556
Calculate the remainder when 10911 is divided by 56.
47
What is the remainder when 65749 is divided by 3652?
13
What is the remainder when 1953710 is divided by 19?
16
What is the remainder when 69227 is divided by 108?
107
What is the remainder when 6461 is divided by 186?
137
What is the remainder when 32915 is divided by 2077?
1760
What is the remainder when 2368 is divided by 233?
38
What is the remainder when 4547 is divided by 4077?
470
What is the remainder when 53725 is divided by 368?
365
Calculate the remainder when 12162 is divided by 179.
169
What is the remainder when 14164 is divided by 2828?
24
Calculate the remainder when 13380 is divided by 314.
192
Calculate the remainder when 4404 is divided by 305.
134
Calculate the remainder when 6764 is divided by 239.
72
What is the remainder when 33653 is divided by 1600?
53
Calculate the remainder when 42728 is divided by 224.
168
What is the remainder when 17858 is divided by 154?
148
Calculate the remainder when 23514 is divided by 1470.
1464
What is the remainder when 58376 is divided by 28?
24
What is the remainder when 10629 is divided by 36?
9
What is the remainder when 198983 is divided by 27?
20
Calculate the remainder when 4688 is divided by 2.
0
What is the remainder when 47837 is divided by 15945?
2
Calculate the remainder when 303597 is divided by 50595.
27
Calculate the remainder when 2003 is divided by 477.
95
Calculate the remainder when 13765 is divided by 4098.
1471
What is the remainder when 342438 is divided by 93?
12
What is the remainder when 1759195 is divided by 49?
46
Calculate the remainder when 187633 is divided by 46901.
29
Calculate the remainder when 1810 is divided by 1170.
640
Calculate the remainder when 3202 is divided by 723.
310
Calculate the remainder when 20678 is divided by 1460.
238
What is the remainder when 62986 is divided by 29?
27
Calculate the remainder when 182 is divided by 84.
14
Calculate the remainder when 20590 is divided by 12.
10
Calculate the remainder when 21995 is divided by 524.
511
What is the remainder when 267209 is divided by 262?
231
What is the remainder when 7458 is divided by 576?
546
What is the remainder when 25495 is divided by 12738?
19
What is the remainder when 6553841 is divided by 387?
383
What is the remainder when 4761 is divided by 2378?
5
What is the remainder when 61889 is divided by 1375?
14
What is the remainder when 7343 is divided by 2989?
1365
What is the remainder when 2519622 is divided by 76?
70
Calculate the remainder when 7797 is divided by 311.
22
What is the remainder when 4332306 is divided by 3?
0
What is the remainder when 211778 is divided by 109?
100
What is the remainder when 136169 is divided by 236?
233
Calculate the remainder when 211990 is divided by 211977.
13
What is the remainder when 821250 is divided by 23?
12
What is the remainder when 26385 is divided by 425?
35
What is the remainder when 20973 is divided by 10479?
15
What is the remainder when 23040 is divided by 41?
39
Calculate the remainder when 6001 is divided by 140.
121
Calculate the remainder when 5016 is divided by 1216.
152
What is the remainder when 3738 is divided by 19?
14
What is the remainder when 12061 is divided by 2983?
129
Calculate the remainder when 743247 is divided by 44.
43
What is the remainder when 279210 is divided by 27?
3
Calculate the remainder when 3804 is divided by 103.
96
What is the remainder when 1178 is divided by 51?
5
What is the remainder when 42007 is divided by 17?
0
Calculate the remainder when 6005 is divided by 140.
125
Calculate the remainder when 7080 is divided by 13.
8
Calculate the remainder when 4731 is divided by 1167.
63
Calculate the remainder when 133 is divided by 26.
3
Calculate the remainder when 1733 is divided by 808.
117
Calculate the remainder when 131931 is divided by 152.
147
Calculate the remainder when 7863 is divided by 2585.
108
Calculate the remainder when 1158 is divided by 339.
141
What is the remainder when 9589 is divided by 507?
463
What is the remainder when 3779 is divided by 291?
287
Calculate the remainder when 455 is divided by 66.
59
What is the remainder when 2302 is divided by 26?
14
Calculate the remainder when 3165 is divided by 788.
13
Calculate the remainder when 684 is divided by 16.
12
Calculate the remainder when 16695 is divided by 242.
239
What is the remainder when 145572 is divided by 145556?
16
Calculate the remainder when 4572 is divided by 176.
172
Calculate the remainder when 10611 is divided by 3452.
255
What is the remainder when 238683 is divided by 345?
288
Calculate the remainder when 22230 is divided by 377.
364
Calculate the remainder when 5519 is divided by 264.
239
Calculate the remainder when 3757 is divided by 740.
57
Calculate the remainder when 5773 is divided by 47.
39
What is the remainder when 6786 is divided by 1689?
30
Calculate the remainder when 11527 is divided by 4.
3
Calculate the remainder when 10697 is divided by 4848.
1001
What is the remainder when 3154 is divided by 521?
28
Calculate the remainder when 8339 is divided by 8207.
132
What is the remainder when 19070 is divided by 4741?
106
Calculate the remainder when 78159 is divided by 140.
39
What is the remainder when 3141 is divided by 339?
90
What is the remainder when 490807 is divided by 76?
75
Calculate the remainder when 3406 is divided by 708.
574
Calculate the remainder when 21133 is divided by 82.
59
What is the remainder when 7216 is divided by 9?
7
Calculate the remainder when 14036 is divided by 234.
230
Calculate the remainder when 17218 is divided by 17038.
180
What is the remainder when 282308 is divided by 75?
8
Calculate the remainder when 15267 is divided by 109.
7
Calculate the remainder when 1030 is divided by 765.
265
Calculate the remainder when 96540 is divided by 19281.
135
What is the remainder when 1578576 is divided by 29?
19
Calculate the remainder when 1534 is divided by 135.
49
What is the remainder when 2111 